{"id":1154,"date":"2023-10-17T10:05:41","date_gmt":"2023-10-17T08:05:41","guid":{"rendered":"https:\/\/photoartiste.fr\/?page_id=1154"},"modified":"2023-10-17T10:05:41","modified_gmt":"2023-10-17T08:05:41","slug":"session-privee","status":"publish","type":"page","link":"https:\/\/photoartiste.fr\/index.php\/session-privee\/","title":{"rendered":"Session priv\u00e9e"},"content":{"rendered":"\n<p>Session priv\u00e9e c\u2019est la rubrique d\u00e9di\u00e9e aux mod\u00e8les qui ont accept\u00e9 de poser dans un cadre photog\u00e9nique de leur choix. Prochainement ici: Morgane <\/p>\n\n\n\n<p><\/p>\n","protected":false},"excerpt":{"rendered":"<p>Session priv\u00e9e c\u2019est la rubrique d\u00e9di\u00e9e aux mod\u00e8les qui ont accept\u00e9 de poser dans un cadre photog\u00e9nique de leur choix. Prochainement ici: Morgane<\/p>\n","protected":false},"author":1,"featured_media":0,"parent":0,"menu_order":0,"comment_status":"closed","ping_status":"closed","template":"","meta":{"footnotes":""},"class_list":["post-1154","page","type-page","status-publish","hentry"],"_links":{"self":[{"href":"https:\/\/photoartiste.fr\/index.php\/wp-json\/wp\/v2\/pages\/1154","targetHints":{"allow":["GET"]}}],"collection":[{"href":"https:\/\/photoartiste.fr\/index.php\/wp-json\/wp\/v2\/pages"}],"about":[{"href":"https:\/\/photoartiste.fr\/index.php\/wp-json\/wp\/v2\/types\/page"}],"author":[{"embeddable":true,"href":"https:\/\/photoartiste.fr\/index.php\/wp-json\/wp\/v2\/users\/1"}],"replies":[{"embeddable":true,"href":"https:\/\/photoartiste.fr\/index.php\/wp-json\/wp\/v2\/comments?post=1154"}],"version-history":[{"count":1,"href":"https:\/\/photoartiste.fr\/index.php\/wp-json\/wp\/v2\/pages\/1154\/revisions"}],"predecessor-version":[{"id":1155,"href":"https:\/\/photoartiste.fr\/index.php\/wp-json\/wp\/v2\/pages\/1154\/revisions\/1155"}],"wp:attachment":[{"href":"https:\/\/photoartiste.fr\/index.php\/wp-json\/wp\/v2\/media?parent=1154"}],"curies":[{"name":"wp","href":"https:\/\/api.w.org\/{rel}","templated":true}]}}